eatest common factor of 140 and x.
20
Let t(s) = 2 - 2 + 3*s**2 - 4 - 2*s**2 - 2*s. Let d be 1*-6*(2 + -3). Let r be t(d). Calculate the highest common factor of r and 5.
5
Let j = -28 + 33. Suppose m + 717 = j*b, -3*m + m = -3*b + 433. Calculate the greatest common factor of b and 13.
13
Suppose 4*x - 2*x = 8. Suppose x*h - 6*h + 48 = 2*m, 3*m + 4*h - 68 = 0. Let d = -608 + 650. Calculate the highest common divisor of m and d.
14
Let b = -311 + 316. What is the greatest common factor of 5 and b?
5
Let c(d) = -11 + 12*d + 8 + 6 - 5*d. Let u be c(3). Calculate the greatest common divisor of u and 36.
12
Suppose -g + 3*l = 2*l - 41, -l - 113 = -3*g. Suppose -3*c + g = -0*c. Suppose 8*q = 16 + 8. What is the highest common factor of c and q?
3
Suppose -3*m + 42 = 2*x, 3*x = -3*m + 22 + 23. Suppose 5*b + 10 = q - 10, 4*q + 2*b = 14. Let s = q + m. What is the highest common factor of 85 and s?
17
Let x be ((-8)/(-20))/((-1)/10) - (-11)/1. Suppose -243 = -4*d - 3*j, 7*d = 3*d - 2*j + 246. Calculate the highest common divisor of d and x.
7
Let v be ((-4)/8)/(3/(-6)). Let r(l) = 53*l**3 + 2*l**2 + l - 1. Let i be r(v). What is the highest common divisor of 22 and i?
11
Let t(v) = 18*v - 8. Let n be t(4). Let p = 8 + n. What is the highest common divisor of p and 36?
36
Suppose 3*g = -5*p + 378, g - 195 = 2*p - 80. Calculate the highest common factor of g and 968.
121
Let w = 7695 + -7691. Suppose -3*k + 16 = m - 2*m, 4 = 2*k - 4*m. What is the highest common divisor of k and w?
2
Let k be 100/6 - 2/(-6). Let z(j) = 2*j - 57. Let f be z(16). Let x be (-954)/(-7) + (-1 - f/35). What is the highest common divisor of x and k?
17
Suppose -3*w - 2*w = -5, 3*w = -3*z + 51. Let n = 22 - z. Calculate the highest common divisor of n and 96.
6
Let i(x) = 3*x**2 + x + 11. Let a = -109 - -105. Let l be i(a). Calculate the greatest common divisor of l and 11.
11
Suppose 0 = 2*w + 3*l - 19, 4 = -2*l - 2. Suppose 0 = b - 0*p + p + 49, -4*p = -3*b - 119. Let t = b + 59. What is the highest common factor of w and t?
14
Let d(z) = -24*z - 32*z + 45 + z**2 + 55*z. Let p be d(0). Calculate the greatest common factor of 10 and p.
5
Suppose -h - 3*d + 613 = 0, -2*h + 903 = -4*d - 283. Let c = 857 - h. Calculate the highest common divisor of 32 and c.
32
Let f(q) = -q. Let h(n) be the second derivative of -n**4 + n**2/2 + 3*n. Let a be h(-1). Let v be f(a). Calculate the greatest common divisor of v and 1.
1
Suppose -8*p - 9*p - 1226 = -3470. Suppose 3*l + 9 = 4*o - 30, 0 = o + 4*l - 24. Calculate the greatest common factor of p and o.
12
Let y be 11/(3/4*(-16)/(-24)). What is the highest common divisor of 506 and y?
22
Suppose 20*y - 1811 = 29. What is the greatest common factor of 1472 and y?
92
Let z be (3 - -66)*((-140)/21 + 8). Calculate the highest common factor of 299 and z.
23
Let d(b) = b**3 - 3*b**2 + 3. Let y be d(0). Suppose m = -2*i + i + 16, 2*m - y*i - 52 = 0. Calculate the greatest common divisor of 30 and m.
10
Suppose 5*r = -a, 3*a - 4*r - 80 = r. Let v(b) = b - 4. Let l be v(4). Suppose l = -0*x - 3*x + 12. What is the greatest common divisor of x and a?
4
Let f(z) = 9*z**2 + 6*z - 9. Let v be f(2). What is the greatest common divisor of 91 and v?
13
Suppose -184 + 544 = 5*k. Suppose 4*m + 4*w - k = 0, w - 6*w + 18 = m. Calculate the highest common divisor of 6 and m.
6
Suppose 2 + 4 = t. Suppose -3*f - 15 = 0, 5*l - 4*f + 1 - t = 0. Let d be (105/l)/((-2)/6). What is the highest common divisor of d and 21?
21
Let b = 11 - 27. Let n be b/(-28)*(-14)/(-2). Calculate the greatest common factor of n and 16.
4
Let c(l) = 10*l - 6. Let z be c(4). Suppose 3*s - 26 = z. Let u be (6/(-8) + 437/(-4))*-2. Calculate the highest common factor of s and u.
20
Suppose -5*h + 64 = -3*h + 2*d, -2*h = -d - 52. Suppose 3*n - 15 = 0, 149 = 3*c + n - 66. What is the highest common factor of c and h?
14
Let z be (-2)/((-3)/9*-3). Suppose 3*a + 5*m + 8 = -346, 0 = a - m + 110. Let h be z/(-4) - a/2. Calculate the highest common factor of h and 38.
19
Let z(g) = -15*g**3 + 5*g**2 + 1. Let l be z(-4). Let n = -537 + l. What is the highest common factor of n and 56?
56
Let v be (-80)/(-6) - (-156)/(-117). Let c be (-378)/(-8) - (-15)/20. What is the highest common divisor of c and v?
12
Let p(x) = x**2 + x - 4. Let m be p(-3). Let c be m/(3 + (2 - 3)). Let a = 1 + 7. Calculate the greatest common divisor of a and c.
1
Let k be (-15)/60*(-7 + -1). Suppose 24 + 8 = k*g. Calculate the greatest common factor of 24 and g.
8
Let z be (12 - -1)*(-22)/(-22). What is the highest common factor of 104 and z?
13
Let s(a) = a**2 + 14*a - 42. Let v be s(-19). What is the greatest common factor of v and 212?
53
Suppose m - 4 = -3*t - 5, -2*t + 5 = -5*m. Suppose 6*p - 7*p + 1 = t. Let b(c) = 129*c**2 - 1. Let z be b(p). Calculate the greatest common divisor of 16 and z.
16
Let k(d) = d**2 + 5*d + 4. Let b be k(-8). Suppose 134 = i - 432. Suppose -2*h + i - 62 = 0. What is the greatest common factor of b and h?
28
Let s = 162 + -144. Let l = -53 + 99. Let k = l - s. Calculate the highest common factor of k and 7.
7
Let z(o) = o + 17. Let c be z(-12). Suppose 2*y = -v - 3, c*y + 1 = -3*v - 4. Calculate the highest common factor of 20 and v.
5
Suppose 19 = 3*s + 7. Suppose 0 = s*k - 5*i - 56, 0*i - 50 = -2*k - 3*i. What is the greatest common factor of k and 38?
19
Let y(f) = 3*f - 11. Let x be y(11). Let l = x + 4. Suppose -4*v - 2*p = -68, -3*p + 0*p - l = -2*v. What is the highest common divisor of 16 and v?
16
Let q = 3 - 1. Let j be ((0 - q)*-37)/2. Calculate the greatest common divisor of j and 333.
37
Let x = -10 + 22. Let z be (-46)/(-4) + 6/x. Calculate the greatest common factor of z and 108.
12
Suppose -24 = -3*o + 4*f - 8, 2*f + 4 = o. Let m(h) = -h - 8. Let u be m(-11). Suppose -u = -4*c + 1. What is the highest common divisor of o and c?
1
Suppose 4 = -20*x + 18*x. Let c(k) = -4*k**3 - k**2 + 2*k - 4. Let f be c(x). What is the greatest common factor of 20 and f?
20
Let f = 236 + -162. What is the greatest common factor of f and 74?
74
Let i(g) = 2*g - 14. Let k be i(-7). Let s = k - -17. Let z = 16 + s. Calculate the greatest common divisor of 45 and z.
5
Let k(z) = -z**3 - z**2 + 36. Let s be k(0). Let a = -226 + 235. Calculate the highest common divisor of s and a.
9
Let c(t) = -t**3 + 2*t**2 + 5*t + 36. Let z be c(0). What is the highest common factor of z and 1458?
18
Let l(d) be the second derivative of -d**4/12 + 13*d**3/3 + 15*d**2/2 + d. Let q be l(15). Calculate the greatest common divisor of 20 and q.
20
Let v(c) = c**2 + 3*c - 6. Let d be v(-7). Calculate the greatest common divisor of d and 418.
22
Let k be (-2)/(35/(-9) - -4). Let q = k - -32. What is the greatest common divisor of q and 2?
2
Let d be 243/((-7)/(5 - 12)). Calculate the greatest common factor of 54 and d.
27
Let u be (-523)/(-2) + (-310)/124. Calculate the highest common divisor of u and 74.
37
Let u(r) = -12*r + 7. Let s = 27 + -29. Let y be u(s). What is the greatest common factor of 124 and y?
31
Let b be 2/(88/(-144) - (-2)/3). Suppose 0 = 4*w + 14 + 10. Let o(z) = -3*z + 6. Let v be o(w). What is the greatest common factor of b and v?
12
Let t be ((-112)/40)/(6/(-165)). Calculate the greatest common factor of t and 44.
11
Let r(s) = 185*s - 30. Let z be r(2). What is the highest common factor of z and 20?
20
Let c = 11 - 5. Suppose 0*r = -c*r + 180. Calculate the highest common factor of 15 and r.
15
Suppose 0 = 3*f - 30*f + 13770. Calculate the highest common factor of f and 30.
30
Let l be (-3)/(-3) - (-2 - 3). Let u = -74 - -140. Calculate the highest common factor of l and u.
6
Suppose 5*x + 6 = 11, -3*x = v - 23. Let m = -47 - -58. Suppose 0 = -13*s + m*s + 400. Calculate the highest common divisor of v and s.
20
Let b(n) = n**3 - 6*n**2 + 9*n + 3. Let q be b(4). Suppose 3*y + q = 103. What is the highest common divisor of 4 and y?
4
Let d(c) = c**3 - 66*c**2 + 68*c - 43. Let o be d(65). Let m = 12 + 7. What is the greatest common factor of m and o?
19
Let p(l) = -l**3 + 11*l**2 - 13*l + 12. Let k be p(10). Let w = -7 - k. Suppose 0 = h - 25 - 52. Calculate the highest common divisor of w and h.
11
Let x(w) = w**3 - 21*w**2 + 41*w - 53. Let c be x(19). Let r = 4 + -2. What is the greatest co